{"id":466,"date":"2021-08-25T15:31:16","date_gmt":"2021-08-25T13:31:16","guid":{"rendered":"https:\/\/www.2021.skadmin.pl\/?page_id=466"},"modified":"2023-02-02T11:09:36","modified_gmt":"2023-02-02T10:09:36","slug":"aml-2","status":"publish","type":"page","link":"https:\/\/www.skadmin.pl\/index.php\/aml-2\/","title":{"rendered":"Procedury AML dla biur rachunkowych"},"content":{"rendered":"<p><strong>Procedury AML dla biur rachunkowych<\/strong><\/p>\n<h4><b>Czym jest A<\/b>nti <b>&#8211; M<\/b>oney<b> L<\/b>aundering <b>(AML)<br>\n<\/b><\/h4>\n<p>Przeciwdzia\u0142anie praniu pieni\u0119dzy i finansowaniu terroryzmu to dzia\u0142ania zmierzaj\u0105ce do wyeliminowania zjawiska prania brudnych pieni\u0119dzy oraz pr\u00f3ba podj\u0119cia walki z tym nielegalnym procederem.<\/p>\n<p>Ustawa nak\u0142ada na \u015bwiadcz\u0105ce us\u0142ugi finansowe firmy oraz instytucje szereg obowi\u0105zk\u00f3w, kt\u00f3rych g\u0142\u00f3wnym celem jest <b>poprawa bezpiecze\u0144stwa finansowego<\/b>.<\/p>\n<p>Jednym z nich jest posiadanie przez instytucje zobowi\u0105zane wewn\u0119trznej procedury AML (art 50 ww. ustawy). Instytucje zobowi\u0105zane to poj\u0119cie, obejmuj\u0105ce szeroki katalog podmiot\u00f3w, wymienionych w art. 2 ust. 1 ww. ustawy, a w\u015br\u00f3d nich s\u0105 mi\u0119dzy innymi banki, zak\u0142ady ubezpiecze\u0144, po\u015brednicy nieruchomo\u015bci czy w\u0142a\u015bnie biura rachunkowe. Wi\u0119cej na temat obowi\u0105zk\u00f3w zwi\u0105zanych z AML mozna przeczyta\u0107 w naszym artykule &#8222;<a href=\"https:\/\/www.skadmin.pl\/index.php\/2023\/01\/20\/biura-rachunkowe-obowiazki-w-zwiazku-z-aml-anti-money-laundering-czyli-ustawa-o-przeciwdzialaniu-praniu-pieniedzy-oraz-finansowaniu-terroryzmu\/\">Biura rachunkowe \u2013 obowi\u0105zki w zwi\u0105zku z AML<\/a>&#8222;.<\/p>\n<p><strong>Nasza procedura<\/strong> <b>A<\/b>NTI \u2013 <b>M<\/b>OENY <b>L<\/b>AUNDERIN<\/p>\n<p>Procedura AML to dokument okre\u015blaj\u0105cy spos\u00f3b post\u0119powania biura rachunkowego w zakresie przeciwdzia\u0142ania praniu pieni\u0119dzy i finansowaniu terroryzmu. Sporz\u0105dzamy je&nbsp; z uwzgl\u0119dnieniem charakteru, rodzaju i rozmiaru prowadzonej dzia\u0142alno\u015bci. Istotne jest by ka\u017cda procedura by\u0142a dostosowana do konkretnego podmiotu obowi\u0105zanego, dlatego wszystkie procedury wykonujemy na podstawie audytu:<\/p>\n<h5>Proces audytowy:<\/h5>\n<ul>\n<li><em>wst\u0119pny audyt prawny;<\/em><\/li>\n<li><em>przygotowanie dokument\u00f3w zawieraj\u0105cych wymagane procedury;<\/em><\/li>\n<li><em>konsultacja dokumentacji wraz z naniesieniem poprawek;<\/em><\/li>\n<li><em>oddanie przygotowanych dokument\u00f3w;<\/em><\/li>\n<li><em><a href=\"https:\/\/www.skadmin.pl\/index.php\/szkolenie-aml\/\">szkolenie z zakresu procedur oraz przepis\u00f3w prawa.<\/a><\/em><\/li>\n<\/ul>\n<p>Ka\u017cda z procedur odnosi si\u0119 wy\u0142\u0105cznie do specyfiki indywidualnego klienta (w tym przyp. biura rachunkowego). Biura rachunkowe s\u0105 zobligowane do jej przygotowania, wprowadzenia, weryfikacji, a tak\u017ce bie\u017c\u0105cej aktualizacji.<\/p>\n<p>Nasze procedury AML dla biur rachunkowych kompleksowo spe\u0142niaj\u0105 wszystkie wymagania okre\u015blone przez ustawodawc\u0119 w art. 50 ust. 2 u.p.p.p., a ponadto s\u0105 dokumentem zindywidualizowanym, rzetelnie przygotowanym przez zesp\u00f3\u0142 wyszkolonych i do\u015bwiadczonych specjalist\u00f3w.<\/p>\n<p>Koszt us\u0142ugi obliczamy jest indywidualnie dla ka\u017cdego klienta, w oparciu o wielko\u015b\u0107 oraz ilo\u015b\u0107 proces\u00f3w zachodz\u0105cych w biurze rachunkowym. W rezultacie&nbsp; otrzymaj\u0105 Pa\u0144stwo ofert\u0119 dopasowan\u0105 do Pa\u0144stwa wymog\u00f3w.<\/p>\n<p>Zapraszamy do kontaktu z nami, z pewno\u015bci\u0105 b\u0119d\u0105 Pa\u0144stwo zadowoleni z wykonanej przez nas us\u0142ugi.<\/p>\n\n\n<div class=\"is-layout-flex wp-block-buttons\">\n<div class=\"wp-block-button\"><a class=\"wp-block-button__link wp-element-button\" href=\"mailto:biuro@skadmin.pl\">Poprosz\u0119 o ofert\u0119<\/a><\/div>\n<\/div>\n","protected":false},"excerpt":{"rendered":"<p>Procedury AML dla biur rachunkowych Czym jest Anti &#8211; Money Laundering (AML) Przeciwdzia\u0142anie praniu pieni\u0119dzy i finansowaniu terroryzmu to dzia\u0142ania zmierzaj\u0105ce do wyeliminowania zjawiska prania brudnych pieni\u0119dzy oraz pr\u00f3ba podj\u0119cia walki z tym nielegalnym procederem. Ustawa nak\u0142ada na \u015bwiadcz\u0105ce us\u0142ugi finansowe firmy oraz instytucje szereg obowi\u0105zk\u00f3w, kt\u00f3rych g\u0142\u00f3wnym celem jest poprawa bezpiecze\u0144stwa finansowego. Jednym z<a href=\"https:\/\/www.skadmin.pl\/index.php\/aml-2\/\">[&#8230;]<\/a><\/p>\n","protected":false},"author":1,"featured_media":427,"parent":0,"menu_order":0,"comment_status":"closed","ping_status":"closed","template":"","meta":[],"categories":[],"tags":[16,17,20,18,19],"yoast_head":"<!-- This site is optimized with the Yoast SEO plugin v20.2.1 - https:\/\/yoast.com\/wordpress\/plugins\/seo\/ -->\n<title>Procedury AML dla biur rachunkowych - SK admin<\/title>\n<meta name=\"description\" content=\"Stworzymy dal Pa\u0144stwa indywidualne procedury AML dla biur rachunkowych, zgodne z obowi\u0105zuj\u0105cymi przepisami prawa.\" \/>\n<meta name=\"robots\" content=\"index, follow, max-snippet:-1, max-image-preview:large, max-video-preview:-1\" \/>\n<link rel=\"canonical\" href=\"https:\/\/www.skadmin.pl\/index.php\/aml-2\/\" \/>\n<meta property=\"og:locale\" content=\"pl_PL\" \/>\n<meta property=\"og:type\" content=\"article\" \/>\n<meta property=\"og:title\" content=\"Procedury AML dla biur rachunkowych - SK admin\" \/>\n<meta property=\"og:description\" content=\"Stworzymy dal Pa\u0144stwa indywidualne procedury AML dla biur rachunkowych, zgodne z obowi\u0105zuj\u0105cymi przepisami prawa.\" \/>\n<meta property=\"og:url\" content=\"https:\/\/www.skadmin.pl\/index.php\/aml-2\/\" \/>\n<meta property=\"og:site_name\" content=\"SK admin\" \/>\n<meta property=\"article:publisher\" content=\"https:\/\/www.facebook.com\/firma.nformatyczna\" \/>\n<meta property=\"article:modified_time\" content=\"2023-02-02T10:09:36+00:00\" \/>\n<meta property=\"og:image\" content=\"https:\/\/www.skadmin.pl\/wp-content\/uploads\/2021\/08\/AML.png\" \/>\n\t<meta property=\"og:image:width\" content=\"100\" \/>\n\t<meta property=\"og:image:height\" content=\"100\" \/>\n\t<meta property=\"og:image:type\" content=\"image\/png\" \/>\n<meta name=\"twitter:card\" content=\"summary_large_image\" \/>\n<meta name=\"twitter:label1\" content=\"Szacowany czas czytania\" \/>\n\t<meta name=\"twitter:data1\" content=\"2 minuty\" \/>\n<script type=\"application\/ld+json\" class=\"yoast-schema-graph\">{\"@context\":\"https:\/\/schema.org\",\"@graph\":[{\"@type\":\"AdvertiserContentArticle\",\"@id\":\"https:\/\/www.skadmin.pl\/index.php\/aml-2\/#article\",\"isPartOf\":{\"@id\":\"https:\/\/www.skadmin.pl\/index.php\/aml-2\/\"},\"author\":{\"name\":\"skadmin\",\"@id\":\"https:\/\/www.skadmin.pl\/#\/schema\/person\/3643afd1d0566e598d9217a1c8251a9b\"},\"headline\":\"Procedury AML dla biur rachunkowych\",\"datePublished\":\"2021-08-25T13:31:16+00:00\",\"dateModified\":\"2023-02-02T10:09:36+00:00\",\"mainEntityOfPage\":{\"@id\":\"https:\/\/www.skadmin.pl\/index.php\/aml-2\/\"},\"wordCount\":377,\"publisher\":{\"@id\":\"https:\/\/www.skadmin.pl\/#organization\"},\"keywords\":[\"AML\",\"AML biura rachunkowe\",\"Anti - Money Laundering (AML) dla biur rachunkowych\",\"dokumentacja AML\",\"procedury AML\"],\"inLanguage\":\"pl-PL\"},{\"@type\":\"WebPage\",\"@id\":\"https:\/\/www.skadmin.pl\/index.php\/aml-2\/\",\"url\":\"https:\/\/www.skadmin.pl\/index.php\/aml-2\/\",\"name\":\"Procedury AML dla biur rachunkowych - SK admin\",\"isPartOf\":{\"@id\":\"https:\/\/www.skadmin.pl\/#website\"},\"datePublished\":\"2021-08-25T13:31:16+00:00\",\"dateModified\":\"2023-02-02T10:09:36+00:00\",\"description\":\"Stworzymy dal Pa\u0144stwa indywidualne procedury AML dla biur rachunkowych, zgodne z obowi\u0105zuj\u0105cymi przepisami prawa.\",\"breadcrumb\":{\"@id\":\"https:\/\/www.skadmin.pl\/index.php\/aml-2\/#breadcrumb\"},\"inLanguage\":\"pl-PL\",\"potentialAction\":[{\"@type\":\"ReadAction\",\"target\":[\"https:\/\/www.skadmin.pl\/index.php\/aml-2\/\"]}]},{\"@type\":\"BreadcrumbList\",\"@id\":\"https:\/\/www.skadmin.pl\/index.php\/aml-2\/#breadcrumb\",\"itemListElement\":[{\"@type\":\"ListItem\",\"position\":1,\"name\":\"Strona g\u0142\u00f3wna\",\"item\":\"https:\/\/www.skadmin.pl\/\"},{\"@type\":\"ListItem\",\"position\":2,\"name\":\"Procedury AML dla biur rachunkowych\"}]},{\"@type\":\"WebSite\",\"@id\":\"https:\/\/www.skadmin.pl\/#website\",\"url\":\"https:\/\/www.skadmin.pl\/\",\"name\":\"SK admin\",\"description\":\"Wdro\u017cenie RODO KRI AML SYGNALI\u015aCI\",\"publisher\":{\"@id\":\"https:\/\/www.skadmin.pl\/#organization\"},\"potentialAction\":[{\"@type\":\"SearchAction\",\"target\":{\"@type\":\"EntryPoint\",\"urlTemplate\":\"https:\/\/www.skadmin.pl\/?s={search_term_string}\"},\"query-input\":\"required name=search_term_string\"}],\"inLanguage\":\"pl-PL\"},{\"@type\":\"Organization\",\"@id\":\"https:\/\/www.skadmin.pl\/#organization\",\"name\":\"SK admin\",\"url\":\"https:\/\/www.skadmin.pl\/\",\"logo\":{\"@type\":\"ImageObject\",\"inLanguage\":\"pl-PL\",\"@id\":\"https:\/\/www.skadmin.pl\/#\/schema\/logo\/image\/\",\"url\":\"https:\/\/www.skadmin.pl\/wp-content\/uploads\/2023\/01\/logo.png\",\"contentUrl\":\"https:\/\/www.skadmin.pl\/wp-content\/uploads\/2023\/01\/logo.png\",\"width\":300,\"height\":200,\"caption\":\"SK admin\"},\"image\":{\"@id\":\"https:\/\/www.skadmin.pl\/#\/schema\/logo\/image\/\"},\"sameAs\":[\"https:\/\/www.facebook.com\/firma.nformatyczna\"]},{\"@type\":\"Person\",\"@id\":\"https:\/\/www.skadmin.pl\/#\/schema\/person\/3643afd1d0566e598d9217a1c8251a9b\",\"name\":\"skadmin\",\"image\":{\"@type\":\"ImageObject\",\"inLanguage\":\"pl-PL\",\"@id\":\"https:\/\/www.skadmin.pl\/#\/schema\/person\/image\/\",\"url\":\"https:\/\/secure.gravatar.com\/avatar\/6ccf91462792f93c60bf0f8bd9f3f8a4?s=96&d=mm&r=g\",\"contentUrl\":\"https:\/\/secure.gravatar.com\/avatar\/6ccf91462792f93c60bf0f8bd9f3f8a4?s=96&d=mm&r=g\",\"caption\":\"skadmin\"},\"url\":\"https:\/\/www.skadmin.pl\/index.php\/author\/skadmin\/\"}]}<\/script>\n<!-- \/ Yoast SEO plugin. -->","yoast_head_json":{"title":"Procedury AML dla biur rachunkowych - SK admin","description":"Stworzymy dal Pa\u0144stwa indywidualne procedury AML dla biur rachunkowych, zgodne z obowi\u0105zuj\u0105cymi przepisami prawa.","robots":{"index":"index","follow":"follow","max-snippet":"max-snippet:-1","max-image-preview":"max-image-preview:large","max-video-preview":"max-video-preview:-1"},"canonical":"https:\/\/www.skadmin.pl\/index.php\/aml-2\/","og_locale":"pl_PL","og_type":"article","og_title":"Procedury AML dla biur rachunkowych - SK admin","og_description":"Stworzymy dal Pa\u0144stwa indywidualne procedury AML dla biur rachunkowych, zgodne z obowi\u0105zuj\u0105cymi przepisami prawa.","og_url":"https:\/\/www.skadmin.pl\/index.php\/aml-2\/","og_site_name":"SK admin","article_publisher":"https:\/\/www.facebook.com\/firma.nformatyczna","article_modified_time":"2023-02-02T10:09:36+00:00","og_image":[{"width":100,"height":100,"url":"https:\/\/www.skadmin.pl\/wp-content\/uploads\/2021\/08\/AML.png","type":"image\/png"}],"twitter_card":"summary_large_image","twitter_misc":{"Szacowany czas czytania":"2 minuty"},"schema":{"@context":"https:\/\/schema.org","@graph":[{"@type":"AdvertiserContentArticle","@id":"https:\/\/www.skadmin.pl\/index.php\/aml-2\/#article","isPartOf":{"@id":"https:\/\/www.skadmin.pl\/index.php\/aml-2\/"},"author":{"name":"skadmin","@id":"https:\/\/www.skadmin.pl\/#\/schema\/person\/3643afd1d0566e598d9217a1c8251a9b"},"headline":"Procedury AML dla biur rachunkowych","datePublished":"2021-08-25T13:31:16+00:00","dateModified":"2023-02-02T10:09:36+00:00","mainEntityOfPage":{"@id":"https:\/\/www.skadmin.pl\/index.php\/aml-2\/"},"wordCount":377,"publisher":{"@id":"https:\/\/www.skadmin.pl\/#organization"},"keywords":["AML","AML biura rachunkowe","Anti - Money Laundering (AML) dla biur rachunkowych","dokumentacja AML","procedury AML"],"inLanguage":"pl-PL"},{"@type":"WebPage","@id":"https:\/\/www.skadmin.pl\/index.php\/aml-2\/","url":"https:\/\/www.skadmin.pl\/index.php\/aml-2\/","name":"Procedury AML dla biur rachunkowych - SK admin","isPartOf":{"@id":"https:\/\/www.skadmin.pl\/#website"},"datePublished":"2021-08-25T13:31:16+00:00","dateModified":"2023-02-02T10:09:36+00:00","description":"Stworzymy dal Pa\u0144stwa indywidualne procedury AML dla biur rachunkowych, zgodne z obowi\u0105zuj\u0105cymi przepisami prawa.","breadcrumb":{"@id":"https:\/\/www.skadmin.pl\/index.php\/aml-2\/#breadcrumb"},"inLanguage":"pl-PL","potentialAction":[{"@type":"ReadAction","target":["https:\/\/www.skadmin.pl\/index.php\/aml-2\/"]}]},{"@type":"BreadcrumbList","@id":"https:\/\/www.skadmin.pl\/index.php\/aml-2\/#breadcrumb","itemListElement":[{"@type":"ListItem","position":1,"name":"Strona g\u0142\u00f3wna","item":"https:\/\/www.skadmin.pl\/"},{"@type":"ListItem","position":2,"name":"Procedury AML dla biur rachunkowych"}]},{"@type":"WebSite","@id":"https:\/\/www.skadmin.pl\/#website","url":"https:\/\/www.skadmin.pl\/","name":"SK admin","description":"Wdro\u017cenie RODO KRI AML SYGNALI\u015aCI","publisher":{"@id":"https:\/\/www.skadmin.pl\/#organization"},"potentialAction":[{"@type":"SearchAction","target":{"@type":"EntryPoint","urlTemplate":"https:\/\/www.skadmin.pl\/?s={search_term_string}"},"query-input":"required name=search_term_string"}],"inLanguage":"pl-PL"},{"@type":"Organization","@id":"https:\/\/www.skadmin.pl\/#organization","name":"SK admin","url":"https:\/\/www.skadmin.pl\/","logo":{"@type":"ImageObject","inLanguage":"pl-PL","@id":"https:\/\/www.skadmin.pl\/#\/schema\/logo\/image\/","url":"https:\/\/www.skadmin.pl\/wp-content\/uploads\/2023\/01\/logo.png","contentUrl":"https:\/\/www.skadmin.pl\/wp-content\/uploads\/2023\/01\/logo.png","width":300,"height":200,"caption":"SK admin"},"image":{"@id":"https:\/\/www.skadmin.pl\/#\/schema\/logo\/image\/"},"sameAs":["https:\/\/www.facebook.com\/firma.nformatyczna"]},{"@type":"Person","@id":"https:\/\/www.skadmin.pl\/#\/schema\/person\/3643afd1d0566e598d9217a1c8251a9b","name":"skadmin","image":{"@type":"ImageObject","inLanguage":"pl-PL","@id":"https:\/\/www.skadmin.pl\/#\/schema\/person\/image\/","url":"https:\/\/secure.gravatar.com\/avatar\/6ccf91462792f93c60bf0f8bd9f3f8a4?s=96&d=mm&r=g","contentUrl":"https:\/\/secure.gravatar.com\/avatar\/6ccf91462792f93c60bf0f8bd9f3f8a4?s=96&d=mm&r=g","caption":"skadmin"},"url":"https:\/\/www.skadmin.pl\/index.php\/author\/skadmin\/"}]}},"_links":{"self":[{"href":"https:\/\/www.skadmin.pl\/index.php\/wp-json\/wp\/v2\/pages\/466"}],"collection":[{"href":"https:\/\/www.skadmin.pl\/index.php\/wp-json\/wp\/v2\/pages"}],"about":[{"href":"https:\/\/www.skadmin.pl\/index.php\/wp-json\/wp\/v2\/types\/page"}],"author":[{"embeddable":true,"href":"https:\/\/www.skadmin.pl\/index.php\/wp-json\/wp\/v2\/users\/1"}],"replies":[{"embeddable":true,"href":"https:\/\/www.skadmin.pl\/index.php\/wp-json\/wp\/v2\/comments?post=466"}],"version-history":[{"count":9,"href":"https:\/\/www.skadmin.pl\/index.php\/wp-json\/wp\/v2\/pages\/466\/revisions"}],"predecessor-version":[{"id":756,"href":"https:\/\/www.skadmin.pl\/index.php\/wp-json\/wp\/v2\/pages\/466\/revisions\/756"}],"wp:featuredmedia":[{"embeddable":true,"href":"https:\/\/www.skadmin.pl\/index.php\/wp-json\/wp\/v2\/media\/427"}],"wp:attachment":[{"href":"https:\/\/www.skadmin.pl\/index.php\/wp-json\/wp\/v2\/media?parent=466"}],"wp:term":[{"taxonomy":"category","embeddable":true,"href":"https:\/\/www.skadmin.pl\/index.php\/wp-json\/wp\/v2\/categories?post=466"},{"taxonomy":"post_tag","embeddable":true,"href":"https:\/\/www.skadmin.pl\/index.php\/wp-json\/wp\/v2\/tags?post=466"}],"curies":[{"name":"wp","href":"https:\/\/api.w.org\/{rel}","templated":true}]}}