{"id":533,"date":"2021-10-12T13:54:06","date_gmt":"2021-10-12T11:54:06","guid":{"rendered":"https:\/\/www.2021.skadmin.pl\/?page_id=533"},"modified":"2023-02-02T11:10:49","modified_gmt":"2023-02-02T10:10:49","slug":"szkolenie-aml","status":"publish","type":"page","link":"https:\/\/www.skadmin.pl\/index.php\/szkolenie-aml\/","title":{"rendered":"Szkolenie AML"},"content":{"rendered":"<p><b>Szkolenie AML<\/b><\/p>\n<p>Obecne przepisy nak\u0142adaj\u0105 obowi\u0105zek szkoleniowy wobec pracownik\u00f3w, kt\u00f3rych zadania zwi\u0105zane s\u0105 z przeciwdzia\u0142aniem prania pieni\u0119dzy oraz finansowania terroryzmu. Celem takich szkole\u0144 jest zwi\u0119kszenie bezpiecze\u0144stwa finansowego. Nowe przepisy w zakresie AML zak\u0142adaj\u0105 wzbogacenie programu szkoleniowego o zagadnienia zwi\u0105zane z ochron\u0105 danych osobowych.<\/p>\n<p>Nasze szkolenie AML jest \u017ar\u00f3d\u0142em aktualnej wiedzy. Kierujemy je g\u0142\u00f3wnie do biur rachunkowych, kt\u00f3re s\u0105 jedn\u0105 z wymienionych w ustawie instytucji zobowi\u0105zanych. Uwzgl\u0119dniaj\u0105 one charakter oraz rodzaj prowadzonej dzia\u0142alno\u015bci. G\u0142\u00f3wnym przedmiotem programu szkoleniowego s\u0105 <b>na\u0142o\u017cone <\/b><b>w drodze<\/b><b> ustaw<\/b><b>y <\/b><b>obowi\u0105zki <\/b><b>oraz spos\u00f3b ich prawid\u0142owej realizacji<\/b>.<\/p>\n<p><strong>Zakres programu szkoleniowego;<\/strong><\/p>\n<p>obowi\u0105zki biura rachunkowego w zakresie przeciwdzia\u0142ania praniu pieni\u0119dzy i finansowania terroryzmu<\/p>\n<p>identyfikacja i ocena ryzyka przez biura rachunkowego<\/p>\n<p>stosowanie \u015brodk\u00f3w bezpiecze\u0144stwa finansowego (spos\u00f3b przeprowadzenia identyfikacji, weryfikacji, monitorowanie stosunk\u00f3w gospodarczych)<\/p>\n<p>obowi\u0105zek przechowywania dokumentacji<\/p>\n<p>obowi\u0105zek i zakres informacji przekazywanych Generalnemu Inspektorowi<\/p>\n<p>zasady wstrzymywania rachunk\u00f3w i blokowanie rachunk\u00f3w<\/p>\n<p>kary administracyjne<\/p>\n<p><b>Metoda szkolenia:<\/b><\/p>\n<p>wyk\u0142ad z u\u017cyciem prezentacji multimedialnej<\/p>\n<p><b>Na \u017cyczenie uczestnika szkolenia, wydajemy potwierdzenie uczestnictwa w nim.<\/b><\/p>\n\n\n<div class=\"is-layout-flex wp-block-buttons\">\n<div class=\"wp-block-button\"><a class=\"wp-block-button__link wp-element-button\" href=\"mailto:biuro@skadmin.pl\">Poprosz\u0119 o ofert\u0119<\/a><\/div>\n<\/div>\n","protected":false},"excerpt":{"rendered":"<p>Szkolenie AML Obecne przepisy nak\u0142adaj\u0105 obowi\u0105zek szkoleniowy wobec pracownik\u00f3w, kt\u00f3rych zadania zwi\u0105zane s\u0105 z przeciwdzia\u0142aniem prania pieni\u0119dzy oraz finansowania terroryzmu. Celem takich szkole\u0144 jest zwi\u0119kszenie bezpiecze\u0144stwa finansowego. Nowe przepisy w zakresie AML zak\u0142adaj\u0105 wzbogacenie programu szkoleniowego o zagadnienia zwi\u0105zane z ochron\u0105 danych osobowych. Nasze szkolenie AML jest \u017ar\u00f3d\u0142em aktualnej wiedzy. Kierujemy je g\u0142\u00f3wnie do biur<a href=\"https:\/\/www.skadmin.pl\/index.php\/szkolenie-aml\/\">[&#8230;]<\/a><\/p>\n","protected":false},"author":1,"featured_media":0,"parent":0,"menu_order":0,"comment_status":"closed","ping_status":"closed","template":"","meta":[],"categories":[],"tags":[],"yoast_head":"<!-- This site is optimized with the Yoast SEO plugin v20.2.1 - https:\/\/yoast.com\/wordpress\/plugins\/seo\/ -->\n<title>Szkolenie AML - SK admin<\/title>\n<meta name=\"description\" content=\"Szkolenie AML czyli z obowi\u0105zk\u00f3w wynikaj\u0105cych z ustawy o przeciwdzia\u0142aniu praniu pieni\u0119dzy i finansowaniu terroryzmu dla biur rachunkowych.\" \/>\n<meta name=\"robots\" content=\"index, follow, max-snippet:-1, max-image-preview:large, max-video-preview:-1\" \/>\n<link rel=\"canonical\" href=\"https:\/\/www.skadmin.pl\/index.php\/szkolenie-aml\/\" \/>\n<meta property=\"og:locale\" content=\"pl_PL\" \/>\n<meta property=\"og:type\" content=\"article\" \/>\n<meta property=\"og:title\" content=\"Szkolenie AML - SK admin\" \/>\n<meta property=\"og:description\" content=\"Szkolenie AML czyli z obowi\u0105zk\u00f3w wynikaj\u0105cych z ustawy o przeciwdzia\u0142aniu praniu pieni\u0119dzy i finansowaniu terroryzmu dla biur rachunkowych.\" \/>\n<meta property=\"og:url\" content=\"https:\/\/www.skadmin.pl\/index.php\/szkolenie-aml\/\" \/>\n<meta property=\"og:site_name\" content=\"SK admin\" \/>\n<meta property=\"article:publisher\" content=\"https:\/\/www.facebook.com\/firma.nformatyczna\" \/>\n<meta property=\"article:modified_time\" content=\"2023-02-02T10:10:49+00:00\" \/>\n<meta name=\"twitter:card\" content=\"summary_large_image\" \/>\n<meta name=\"twitter:label1\" content=\"Szacowany czas czytania\" \/>\n\t<meta name=\"twitter:data1\" content=\"1 minuta\" \/>\n<script type=\"application\/ld+json\" class=\"yoast-schema-graph\">{\"@context\":\"https:\/\/schema.org\",\"@graph\":[{\"@type\":\"WebPage\",\"@id\":\"https:\/\/www.skadmin.pl\/index.php\/szkolenie-aml\/\",\"url\":\"https:\/\/www.skadmin.pl\/index.php\/szkolenie-aml\/\",\"name\":\"Szkolenie AML - SK admin\",\"isPartOf\":{\"@id\":\"https:\/\/www.skadmin.pl\/#website\"},\"datePublished\":\"2021-10-12T11:54:06+00:00\",\"dateModified\":\"2023-02-02T10:10:49+00:00\",\"description\":\"Szkolenie AML czyli z obowi\u0105zk\u00f3w wynikaj\u0105cych z ustawy o przeciwdzia\u0142aniu praniu pieni\u0119dzy i finansowaniu terroryzmu dla biur rachunkowych.\",\"breadcrumb\":{\"@id\":\"https:\/\/www.skadmin.pl\/index.php\/szkolenie-aml\/#breadcrumb\"},\"inLanguage\":\"pl-PL\",\"potentialAction\":[{\"@type\":\"ReadAction\",\"target\":[\"https:\/\/www.skadmin.pl\/index.php\/szkolenie-aml\/\"]}]},{\"@type\":\"BreadcrumbList\",\"@id\":\"https:\/\/www.skadmin.pl\/index.php\/szkolenie-aml\/#breadcrumb\",\"itemListElement\":[{\"@type\":\"ListItem\",\"position\":1,\"name\":\"Strona g\u0142\u00f3wna\",\"item\":\"https:\/\/www.skadmin.pl\/\"},{\"@type\":\"ListItem\",\"position\":2,\"name\":\"Szkolenie AML\"}]},{\"@type\":\"WebSite\",\"@id\":\"https:\/\/www.skadmin.pl\/#website\",\"url\":\"https:\/\/www.skadmin.pl\/\",\"name\":\"SK admin\",\"description\":\"Wdro\u017cenie RODO KRI AML SYGNALI\u015aCI\",\"publisher\":{\"@id\":\"https:\/\/www.skadmin.pl\/#organization\"},\"potentialAction\":[{\"@type\":\"SearchAction\",\"target\":{\"@type\":\"EntryPoint\",\"urlTemplate\":\"https:\/\/www.skadmin.pl\/?s={search_term_string}\"},\"query-input\":\"required name=search_term_string\"}],\"inLanguage\":\"pl-PL\"},{\"@type\":\"Organization\",\"@id\":\"https:\/\/www.skadmin.pl\/#organization\",\"name\":\"SK admin\",\"url\":\"https:\/\/www.skadmin.pl\/\",\"logo\":{\"@type\":\"ImageObject\",\"inLanguage\":\"pl-PL\",\"@id\":\"https:\/\/www.skadmin.pl\/#\/schema\/logo\/image\/\",\"url\":\"https:\/\/www.skadmin.pl\/wp-content\/uploads\/2023\/01\/logo.png\",\"contentUrl\":\"https:\/\/www.skadmin.pl\/wp-content\/uploads\/2023\/01\/logo.png\",\"width\":300,\"height\":200,\"caption\":\"SK admin\"},\"image\":{\"@id\":\"https:\/\/www.skadmin.pl\/#\/schema\/logo\/image\/\"},\"sameAs\":[\"https:\/\/www.facebook.com\/firma.nformatyczna\"]}]}<\/script>\n<!-- \/ Yoast SEO plugin. -->","yoast_head_json":{"title":"Szkolenie AML - SK admin","description":"Szkolenie AML czyli z obowi\u0105zk\u00f3w wynikaj\u0105cych z ustawy o przeciwdzia\u0142aniu praniu pieni\u0119dzy i finansowaniu terroryzmu dla biur rachunkowych.","robots":{"index":"index","follow":"follow","max-snippet":"max-snippet:-1","max-image-preview":"max-image-preview:large","max-video-preview":"max-video-preview:-1"},"canonical":"https:\/\/www.skadmin.pl\/index.php\/szkolenie-aml\/","og_locale":"pl_PL","og_type":"article","og_title":"Szkolenie AML - SK admin","og_description":"Szkolenie AML czyli z obowi\u0105zk\u00f3w wynikaj\u0105cych z ustawy o przeciwdzia\u0142aniu praniu pieni\u0119dzy i finansowaniu terroryzmu dla biur rachunkowych.","og_url":"https:\/\/www.skadmin.pl\/index.php\/szkolenie-aml\/","og_site_name":"SK admin","article_publisher":"https:\/\/www.facebook.com\/firma.nformatyczna","article_modified_time":"2023-02-02T10:10:49+00:00","twitter_card":"summary_large_image","twitter_misc":{"Szacowany czas czytania":"1 minuta"},"schema":{"@context":"https:\/\/schema.org","@graph":[{"@type":"WebPage","@id":"https:\/\/www.skadmin.pl\/index.php\/szkolenie-aml\/","url":"https:\/\/www.skadmin.pl\/index.php\/szkolenie-aml\/","name":"Szkolenie AML - SK admin","isPartOf":{"@id":"https:\/\/www.skadmin.pl\/#website"},"datePublished":"2021-10-12T11:54:06+00:00","dateModified":"2023-02-02T10:10:49+00:00","description":"Szkolenie AML czyli z obowi\u0105zk\u00f3w wynikaj\u0105cych z ustawy o przeciwdzia\u0142aniu praniu pieni\u0119dzy i finansowaniu terroryzmu dla biur rachunkowych.","breadcrumb":{"@id":"https:\/\/www.skadmin.pl\/index.php\/szkolenie-aml\/#breadcrumb"},"inLanguage":"pl-PL","potentialAction":[{"@type":"ReadAction","target":["https:\/\/www.skadmin.pl\/index.php\/szkolenie-aml\/"]}]},{"@type":"BreadcrumbList","@id":"https:\/\/www.skadmin.pl\/index.php\/szkolenie-aml\/#breadcrumb","itemListElement":[{"@type":"ListItem","position":1,"name":"Strona g\u0142\u00f3wna","item":"https:\/\/www.skadmin.pl\/"},{"@type":"ListItem","position":2,"name":"Szkolenie AML"}]},{"@type":"WebSite","@id":"https:\/\/www.skadmin.pl\/#website","url":"https:\/\/www.skadmin.pl\/","name":"SK admin","description":"Wdro\u017cenie RODO KRI AML SYGNALI\u015aCI","publisher":{"@id":"https:\/\/www.skadmin.pl\/#organization"},"potentialAction":[{"@type":"SearchAction","target":{"@type":"EntryPoint","urlTemplate":"https:\/\/www.skadmin.pl\/?s={search_term_string}"},"query-input":"required name=search_term_string"}],"inLanguage":"pl-PL"},{"@type":"Organization","@id":"https:\/\/www.skadmin.pl\/#organization","name":"SK admin","url":"https:\/\/www.skadmin.pl\/","logo":{"@type":"ImageObject","inLanguage":"pl-PL","@id":"https:\/\/www.skadmin.pl\/#\/schema\/logo\/image\/","url":"https:\/\/www.skadmin.pl\/wp-content\/uploads\/2023\/01\/logo.png","contentUrl":"https:\/\/www.skadmin.pl\/wp-content\/uploads\/2023\/01\/logo.png","width":300,"height":200,"caption":"SK admin"},"image":{"@id":"https:\/\/www.skadmin.pl\/#\/schema\/logo\/image\/"},"sameAs":["https:\/\/www.facebook.com\/firma.nformatyczna"]}]}},"_links":{"self":[{"href":"https:\/\/www.skadmin.pl\/index.php\/wp-json\/wp\/v2\/pages\/533"}],"collection":[{"href":"https:\/\/www.skadmin.pl\/index.php\/wp-json\/wp\/v2\/pages"}],"about":[{"href":"https:\/\/www.skadmin.pl\/index.php\/wp-json\/wp\/v2\/types\/page"}],"author":[{"embeddable":true,"href":"https:\/\/www.skadmin.pl\/index.php\/wp-json\/wp\/v2\/users\/1"}],"replies":[{"embeddable":true,"href":"https:\/\/www.skadmin.pl\/index.php\/wp-json\/wp\/v2\/comments?post=533"}],"version-history":[{"count":4,"href":"https:\/\/www.skadmin.pl\/index.php\/wp-json\/wp\/v2\/pages\/533\/revisions"}],"predecessor-version":[{"id":757,"href":"https:\/\/www.skadmin.pl\/index.php\/wp-json\/wp\/v2\/pages\/533\/revisions\/757"}],"wp:attachment":[{"href":"https:\/\/www.skadmin.pl\/index.php\/wp-json\/wp\/v2\/media?parent=533"}],"wp:term":[{"taxonomy":"category","embeddable":true,"href":"https:\/\/www.skadmin.pl\/index.php\/wp-json\/wp\/v2\/categories?post=533"},{"taxonomy":"post_tag","embeddable":true,"href":"https:\/\/www.skadmin.pl\/index.php\/wp-json\/wp\/v2\/tags?post=533"}],"curies":[{"name":"wp","href":"https:\/\/api.w.org\/{rel}","templated":true}]}}